{"id":19,"date":"2017-02-11T14:51:01","date_gmt":"2017-02-11T13:51:01","guid":{"rendered":"http:\/\/reflexopieds.ch\/?page_id=19"},"modified":"2023-11-24T17:49:06","modified_gmt":"2023-11-24T16:49:06","slug":"la-reflexologie","status":"publish","type":"page","link":"https:\/\/www.reflexopieds.ch\/index.php\/la-reflexologie\/","title":{"rendered":"La R\u00e9flexoth\u00e9rapie"},"content":{"rendered":"\n<p>La <strong>r\u00e9flexoth\u00e9rapie<\/strong> est une technique th\u00e9rapeutique ancestrale, compl\u00e9mentaire \u00e0 la m\u00e9decine traditionnelle. Elle fait partie depuis 2016 des <a href=\"https:\/\/www.xn--komplementr-therapie-kzb.ch\/fr\/\">Th\u00e9rapies compl\u00e9mentaires<\/a> reconnues par l&rsquo;<a href=\"https:\/\/www.oda-kt.ch\/fr\">OrTra TC<\/a>, qui d\u00e9livre un Dipl\u00f4me f\u00e9d\u00e9ral en Th\u00e9rapie compl\u00e9mentaire.<\/p>\n\n\n\n<p>La R\u00e9flexoth\u00e9rapie permet de soutenir les processus d\u2019auto-gu\u00e9rison et d&rsquo;auto-r\u00e9gulation de l&rsquo;organisme avec un regard holistique sur la situation des b\u00e9n\u00e9ficiaires. Ces moyens d&rsquo;action sont un toucher sp\u00e9cifique et le dialogue. Le traitement pourra avoir une vis\u00e9e curative, pr\u00e9ventive ou relaxante.<\/p>\n\n\n\n<p>Pour ma part, afin de stimuler ou d\u00e9tendre les zones r\u00e9flexes choisies lors de mes traitements, je travaille uniquement avec mes mains. Par mon toucher, j&rsquo;<span style=\"font-weight: 400;\">envoie alors une information de r\u00e9\u00e9quilibrage aux structures par diverses m\u00e9canismes d&rsquo;action, dont les nerfs et les m\u00e9ridiens. Je suis persuad\u00e9e que le corps est une merveilleuse machine et qu&rsquo;il sait ce qu&rsquo;il doit faire de cette information transmise par le toucher.<\/span><\/p>\n\n\n\n<p>Au d\u00e9but de toute nouvelle prise en charge, je fais avec vous un bilan complet de votre situation de sant\u00e9 et m\u00e9dicale (anamn\u00e8se), afin de vous offrir une prise en charge au plus pr\u00eat de vos besoins. Ce dernier est r\u00e9actualis\u00e9 r\u00e9guli\u00e8rement. Je suis soumise au secret professionnel; toutes les informations r\u00e9colt\u00e9es ne seront divulgu\u00e9es \u00e0 des tiers qu&rsquo;avec votre accord pr\u00e9alable (par ex. contact avec votre m\u00e9decin si besoin ou demande de rapport par l&rsquo;assurance compl\u00e9mentaire LCA).<\/p>\n\n\n\n<p>Je travaille sur les pieds, cependant selon les besoins et pour lib\u00e9rer des blocages, je propose une approche sur les mains (en s\u00e9ance ou en automassage) ou de travailler sur le reste du corps en utilisant des points sp\u00e9cifiques de techniques compl\u00e9mentaires. <\/p>\n\n\n\n<p>Pour votre confort, je vous conseille de porter lord des s\u00e9ances une<span style=\"font-weight: 400;\"> tenue confortable, si possible non compressive; seuls les chaussettes ou les bas seront enlev\u00e9s.<\/span> <\/p>\n\n\n\n<p><a href=\"http:\/\/reflexopieds.ch\/index.php\/la-reflexologie\/pour-qui\/\">Indications<\/a><\/p>\n\n\n\n<p><a href=\"http:\/\/reflexopieds.ch\/index.php\/la-reflexologie\/contre-indications\/\">Contre-indications<\/a><\/p>\n","protected":false},"excerpt":{"rendered":"<p>La r\u00e9flexoth\u00e9rapie est une technique th\u00e9rapeutique ancestrale, compl\u00e9mentaire \u00e0 la m\u00e9decine traditionnelle. Elle fait partie depuis 2016 des Th\u00e9rapies compl\u00e9mentaires reconnues par l&rsquo;OrTra TC, qui d\u00e9livre un Dipl\u00f4me f\u00e9d\u00e9ral en Th\u00e9rapie compl\u00e9mentaire. La R\u00e9flexoth\u00e9rapie permet de soutenir les processus d\u2019auto-gu\u00e9rison&#8230; <a class=\"more-link\" href=\"https:\/\/www.reflexopieds.ch\/index.php\/la-reflexologie\/\">Continue Reading &rarr;<\/a><\/p>\n","protected":false},"author":1,"featured_media":0,"parent":0,"menu_order":1,"comment_status":"closed","ping_status":"closed","template":"","meta":{"jetpack_post_was_ever_published":false,"footnotes":""},"class_list":["post-19","page","type-page","status-publish","hentry"],"jetpack_sharing_enabled":true,"jetpack_shortlink":"https:\/\/wp.me\/P8owQl-j","jetpack-related-posts":[{"id":33,"url":"https:\/\/www.reflexopieds.ch\/index.php\/mon-parcours\/","url_meta":{"origin":19,"position":0},"title":"Mon parcours","author":"admin8769","date":"11 f\u00e9vrier 2017","format":false,"excerpt":"J'ai ouvert mon cabinet de r\u00e9flexoth\u00e9rapie en 2012, apr\u00e8s l'obtention de mon certificat de r\u00e9flexologue \u00e0 AGIR - Association genevoise des infirmi\u00e8res r\u00e9flexologues. En 2015, cette derni\u00e8re et deux autres associations romandes d'infirmi\u00e8res r\u00e9flexologues ont fusionn\u00e9 pour cr\u00e9er Pro R\u00e9flexo, Association des Professionnels de sant\u00e9 pratiquant la R\u00e9flexoth\u00e9rapie, dont je\u2026","rel":"","context":"Article similaire","block_context":{"text":"Article similaire","link":""},"img":{"alt_text":"","src":"","width":0,"height":0},"classes":[]},{"id":132,"url":"https:\/\/www.reflexopieds.ch\/index.php\/ethique-professionnelle\/","url_meta":{"origin":19,"position":1},"title":"Ethique professionnelle","author":"Sarah Roth","date":"23 f\u00e9vrier 2017","format":false,"excerpt":"En qualit\u00e9 de\u00a0reflexoth\u00e9rapeute, je souhaite une collaboration avec mes clients bas\u00e9e sur la confiance et empreinte de\u00a0respect mutuel. Je m'engage donc envers ma client\u00e8le\u00a0\u00e0 : vous garantir\u00a0le secret professionnel qui incombe \u00e0 ma fonction ; respecter votre int\u00e9grit\u00e9 physique et morale\u00a0; veiller \u00e0 votre s\u00e9curit\u00e9 dans mon cabinet lors d'un\u2026","rel":"","context":"Article similaire","block_context":{"text":"Article similaire","link":""},"img":{"alt_text":"","src":"","width":0,"height":0},"classes":[]},{"id":16,"url":"https:\/\/www.reflexopieds.ch\/","url_meta":{"origin":19,"position":2},"title":"Accueil","author":"admin8769","date":"11 f\u00e9vrier 2017","format":false,"excerpt":"Bienvenue\u00a0! LE CABINET EST ACTUELLEMENT FERM\u00c9 POUR RAISONS M\u00c9DICALES. MERCI DE VOTRE COMPR\u00c9HENSION ! Je suis heureuse de vous accueillir sur le site de mon cabinet. En vous y promenant, vous avez la possibilit\u00e9 d'obtenir des informations sur la r\u00e9flexoth\u00e9rapie en g\u00e9n\u00e9ral, la description de mon cabinet et sa localisation,\u2026","rel":"","context":"Article similaire","block_context":{"text":"Article similaire","link":""},"img":{"alt_text":"","src":"","width":0,"height":0},"classes":[]},{"id":91,"url":"https:\/\/www.reflexopieds.ch\/index.php\/la-reflexologie\/historique\/","url_meta":{"origin":19,"position":3},"title":"Historique","author":"Sarah Roth","date":"20 f\u00e9vrier 2017","format":false,"excerpt":"Cette technique trouverait son origine durant l'Antiquit\u00e9 en Egypte et en Chine. Ce n'est qu'au XIXe si\u00e8cle qu'elle se d\u00e9veloppe en Occident gr\u00e2ce aux recherches de scientifiques, m\u00e9decins,\u00a0infirmi\u00e8res et autres th\u00e9rapeutes. A force de pratique et d'observation, ils ont\u00a0repr\u00e9sent\u00e9 nos organes, leurs fonctions et notre squelette sur et sous nos\u2026","rel":"","context":"Article similaire","block_context":{"text":"Article similaire","link":""},"img":{"alt_text":"","src":"","width":0,"height":0},"classes":[]},{"id":35,"url":"https:\/\/www.reflexopieds.ch\/index.php\/tarifs\/","url_meta":{"origin":19,"position":4},"title":"Tarifs","author":"admin8769","date":"11 f\u00e9vrier 2017","format":false,"excerpt":"Prix de la s\u00e9ance (env. 50-60 minutes) : 110.- chf\/h Les consultations se payent comptant ou par twint en fin de s\u00e9ance. Tarifs sp\u00e9ciaux : 1\u00e8re s\u00e9ance avec anamn\u00e8se approfondie (d'une dur\u00e9e de plus de 90 minutes) : 140.- chf Enfants jusqu'\u00e0 16 ans : 90.- chf\/h Remboursement par les\u2026","rel":"","context":"Article similaire","block_context":{"text":"Article similaire","link":""},"img":{"alt_text":"","src":"","width":0,"height":0},"classes":[]},{"id":108,"url":"https:\/\/www.reflexopieds.ch\/index.php\/la-reflexologie\/pour-qui-2\/","url_meta":{"origin":19,"position":5},"title":"A qui s&rsquo;adresse-t-elle ?","author":"Sarah Roth","date":"21 f\u00e9vrier 2017","format":false,"excerpt":"La R\u00e9flexologie s'adresse \u00e0 toute personne d\u00e9sirant am\u00e9liorer sa sant\u00e9 en douceur et s'octroyer un moment de d\u00e9tente, de l'enfant en bas \u00e2ge \u00e0 la personne \u00e2g\u00e9e. Enfants Les enfants sont particuli\u00e8rement r\u00e9ceptifs aux massages sous les pieds. Ils en retirent en g\u00e9n\u00e9ral un grand b\u00e9n\u00e9fice. On peut traiter de\u2026","rel":"","context":"Article similaire","block_context":{"text":"Article similaire","link":""},"img":{"alt_text":"","src":"","width":0,"height":0},"classes":[]}],"_links":{"self":[{"href":"https:\/\/www.reflexopieds.ch\/index.php\/wp-json\/wp\/v2\/pages\/19"}],"collection":[{"href":"https:\/\/www.reflexopieds.ch\/index.php\/wp-json\/wp\/v2\/pages"}],"about":[{"href":"https:\/\/www.reflexopieds.ch\/index.php\/wp-json\/wp\/v2\/types\/page"}],"author":[{"embeddable":true,"href":"https:\/\/www.reflexopieds.ch\/index.php\/wp-json\/wp\/v2\/users\/1"}],"replies":[{"embeddable":true,"href":"https:\/\/www.reflexopieds.ch\/index.php\/wp-json\/wp\/v2\/comments?post=19"}],"version-history":[{"count":16,"href":"https:\/\/www.reflexopieds.ch\/index.php\/wp-json\/wp\/v2\/pages\/19\/revisions"}],"predecessor-version":[{"id":287,"href":"https:\/\/www.reflexopieds.ch\/index.php\/wp-json\/wp\/v2\/pages\/19\/revisions\/287"}],"wp:attachment":[{"href":"https:\/\/www.reflexopieds.ch\/index.php\/wp-json\/wp\/v2\/media?parent=19"}],"curies":[{"name":"wp","href":"https:\/\/api.w.org\/{rel}","templated":true}]}}